{"id":721,"date":"2025-11-03T12:11:04","date_gmt":"2025-11-03T12:11:04","guid":{"rendered":"http:\/\/mthuel-aromatherapie.fr\/?page_id=721"},"modified":"2025-12-31T11:13:02","modified_gmt":"2025-12-31T11:13:02","slug":"consultation-olfactotherapie","status":"publish","type":"page","link":"http:\/\/mthuel-aromatherapie.fr\/index.php\/consultation-olfactotherapie\/","title":{"rendered":"Consultation Olfactoth\u00e9rapie\u00ae"},"content":{"rendered":"\n<p class=\"has-text-align-left\">L\u2019Olfactoth\u00e9rapie est une m\u00e9thode psycho-\u00e9motionnelle, cr\u00e9\u00e9e en 1992 par Gilles Fournil. Elle associe l\u2019odorat, la vibration des&nbsp;huiles essentielles&nbsp;et le toucher en somatologie, pour apaiser les blessures du pass\u00e9 et lib\u00e9rer le pr\u00e9sent.<\/p>\n\n\n\n<p>C\u2019est un chemin de connaissance de soi qui aide \u00e0 r\u00e9v\u00e9ler ses potentiels, d\u00e9passer ses croyances et retrouver la paix int\u00e9rieure.<\/p>\n\n\n\n<p>Gr\u00e2ce \u00e0 l\u2019odorat, nos perceptions olfactives se connectent instantan\u00e9ment au syst\u00e8me limbique du cerveau, si\u00e8ge des \u00e9motions et de la m\u00e9moire. Il n\u2019y a pas de contact direct avec la peau, ce qui rend cette m\u00e9thode accessible \u00e0 tous, y compris aux personnes fragiles ou sensibles.<\/p>\n\n\n\n<p>Chaque odeur devient une cl\u00e9 int\u00e9rieure, pour \u00eatre plus en paix avec soi-m\u00eame et le monde, en donnant du sens \u00e0 l\u2019existence.<\/p>\n\n\n\n<p><strong>Pour qui&nbsp;?<\/strong><\/p>\n\n\n\n<p>Pour celles et ceux qui souhaitent lib\u00e9rer des \u00e9motions refoul\u00e9es&nbsp;:<\/p>\n\n\n\n<ul class=\"wp-block-list\">\n<li>Pour apaiser le stress, les peurs, les tensions<\/li>\n\n\n\n<li>Pour accompagner un changement de vie, une transition, un deuil<\/li>\n\n\n\n<li>Pour retrouver confiance, clart\u00e9 et alignement int\u00e9rieur<\/li>\n\n\n\n<li>Pour explorer les racines inconscientes de leurs blocages<\/li>\n<\/ul>\n\n\n\n<p><strong>Conditions :<\/strong><\/p>\n\n\n\n<ul class=\"wp-block-list\">\n<li>Consultation en pr\u00e9sentiel*<\/li>\n\n\n\n<li>La s\u00e9ance se d\u00e9roule en position allong\u00e9e sur table, enti\u00e8rement habill\u00e9<\/li>\n\n\n\n<li>Venir non parfum\u00e9 pour pr\u00e9server une neutralit\u00e9 olfactive<\/li>\n<\/ul>\n\n\n\n<p>* <strong>Lieux :<\/strong><\/p>\n\n\n\n<ul class=\"wp-block-list\">\n<li><strong>Cabinet priv\u00e9 \u00e0 Beaumont<\/strong> (3 km de Clermont-Ferrand)<\/li>\n\n\n\n<li><strong>Espace Vitalvie \u00e0 Aubi\u00e8re<\/strong> (6 km de Clermont-Ferrand)<\/li>\n\n\n\n<li><strong>Espace Vitalvie \u00e0 Fontgi\u00e8ve<\/strong> (centre ville de Clermont-Ferrand)<\/li>\n<\/ul>\n\n\n\n<p><strong>Tarif :<\/strong><\/p>\n\n\n\n<p><em>Dans le cadre de ma formation actuelle et dans le but de pratiquer, je propose des s\u00e9ances sur don en conscience, \u00e0 partir de 30 euros.<\/em><\/p>\n\n\n\n<p class=\"has-text-align-left\"><strong>AVERTISSEMENT&nbsp;:&nbsp;<\/strong>L&rsquo;Olfactoth\u00e9rapie ne se substitue pas \u00e0 un diagnostic ou traitement m\u00e9dical. C&rsquo;est un outil de connaissance personnelle et \u00e9motionnel qui compl\u00e8te une d\u00e9marche clinique classique gr\u00e2ce \u00e0 l&rsquo;olfaction. Veillez donc \u00e0 consulter aussi un m\u00e9decin, psychologue ou psychiatre.<\/p>\n\n\n\n<p class=\"has-text-align-left\"><\/p>\n\n\n\n<p><\/p>\n","protected":false},"excerpt":{"rendered":"<p>L\u2019Olfactoth\u00e9rapie est une m\u00e9thode psycho-\u00e9motionnelle, cr\u00e9\u00e9e en 1992 par Gilles Fournil. Elle associe l\u2019odorat, la vibration des&nbsp;huiles essentielles&nbsp;et le toucher en somatologie, pour apaiser les blessures du pass\u00e9 et lib\u00e9rer le pr\u00e9sent. C\u2019est un chemin de connaissance de soi qui aide \u00e0 r\u00e9v\u00e9ler ses potentiels, d\u00e9passer ses croyances et retrouver la paix int\u00e9rieure. Gr\u00e2ce \u00e0 l\u2019odorat, nos perceptions olfactives se connectent instantan\u00e9ment au syst\u00e8me limbique du cerveau, si\u00e8ge des \u00e9motions et de la m\u00e9moire. Il n\u2019y a pas de contact direct avec la peau, ce qui rend cette m\u00e9thode accessible \u00e0 tous, y compris aux personnes fragiles ou sensibles. Chaque odeur devient une cl\u00e9 int\u00e9rieure, pour \u00eatre plus en paix avec soi-m\u00eame et le monde, en donnant du sens \u00e0 l\u2019existence. Pour qui&nbsp;? Pour celles et ceux qui souhaitent lib\u00e9rer des \u00e9motions refoul\u00e9es&nbsp;: Conditions : * Lieux : Tarif : Dans le cadre de ma formation actuelle et dans le but de pratiquer, je propose des s\u00e9ances sur don en conscience, \u00e0 partir de 30 euros. AVERTISSEMENT&nbsp;:&nbsp;L&rsquo;Olfactoth\u00e9rapie ne se substitue pas \u00e0 un diagnostic ou traitement m\u00e9dical. C&rsquo;est un outil de connaissance personnelle et \u00e9motionnel qui compl\u00e8te une d\u00e9marche clinique classique gr\u00e2ce \u00e0 l&rsquo;olfaction. Veillez donc \u00e0 consulter aussi un m\u00e9decin, psychologue ou psychiatre.<\/p>\n","protected":false},"author":1,"featured_media":0,"parent":0,"menu_order":0,"comment_status":"closed","ping_status":"closed","template":"","meta":{"footnotes":""},"class_list":["post-721","page","type-page","status-publish","hentry"],"yoast_head":"<!-- This site is optimized with the Yoast SEO plugin v27.1.1 - https:\/\/yoast.com\/product\/yoast-seo-wordpress\/ -->\n<title>Consultation Olfactoth\u00e9rapie\u00ae - Marie Thuel, aromath\u00e9rapie holistique<\/title>\n<meta name=\"description\" content=\"Consultation d\u2019olfactoth\u00e9rapie \u00e0 Clermont-Ferrand : un accompagnement \u00e9motionnel et naturel par les odeurs pour retrouver \u00e9quilibre et bien-\u00eatre.\" \/>\n<meta name=\"robots\" content=\"index, follow, max-snippet:-1, max-image-preview:large, max-video-preview:-1\" \/>\n<link rel=\"canonical\" href=\"https:\/\/mthuel-aromatherapie.fr\/index.php\/consultation-olfactotherapie\/\" \/>\n<meta property=\"og:locale\" content=\"fr_FR\" \/>\n<meta property=\"og:type\" content=\"article\" \/>\n<meta property=\"og:title\" content=\"Consultation Olfactoth\u00e9rapie\u00ae - Marie Thuel, aromath\u00e9rapie holistique\" \/>\n<meta property=\"og:description\" content=\"Consultation d\u2019olfactoth\u00e9rapie \u00e0 Clermont-Ferrand : un accompagnement \u00e9motionnel et naturel par les odeurs pour retrouver \u00e9quilibre et bien-\u00eatre.\" \/>\n<meta property=\"og:url\" content=\"https:\/\/mthuel-aromatherapie.fr\/index.php\/consultation-olfactotherapie\/\" \/>\n<meta property=\"og:site_name\" content=\"Marie Thuel, aromath\u00e9rapie holistique\" \/>\n<meta property=\"article:modified_time\" content=\"2025-12-31T11:13:02+00:00\" \/>\n<meta name=\"twitter:card\" content=\"summary_large_image\" \/>\n<meta name=\"twitter:label1\" content=\"Dur\u00e9e de lecture estim\u00e9e\" \/>\n\t<meta name=\"twitter:data1\" content=\"2 minutes\" \/>\n<script type=\"application\/ld+json\" class=\"yoast-schema-graph\">{\"@context\":\"https:\/\/schema.org\",\"@graph\":[{\"@type\":\"WebPage\",\"@id\":\"https:\/\/mthuel-aromatherapie.fr\/index.php\/consultation-olfactotherapie\/\",\"url\":\"https:\/\/mthuel-aromatherapie.fr\/index.php\/consultation-olfactotherapie\/\",\"name\":\"Consultation Olfactoth\u00e9rapie\u00ae - Marie Thuel, aromath\u00e9rapie holistique\",\"isPartOf\":{\"@id\":\"http:\/\/mthuel-aromatherapie.fr\/#website\"},\"datePublished\":\"2025-11-03T12:11:04+00:00\",\"dateModified\":\"2025-12-31T11:13:02+00:00\",\"description\":\"Consultation d\u2019olfactoth\u00e9rapie \u00e0 Clermont-Ferrand : un accompagnement \u00e9motionnel et naturel par les odeurs pour retrouver \u00e9quilibre et bien-\u00eatre.\",\"breadcrumb\":{\"@id\":\"https:\/\/mthuel-aromatherapie.fr\/index.php\/consultation-olfactotherapie\/#breadcrumb\"},\"inLanguage\":\"fr-FR\",\"potentialAction\":[{\"@type\":\"ReadAction\",\"target\":[\"https:\/\/mthuel-aromatherapie.fr\/index.php\/consultation-olfactotherapie\/\"]}]},{\"@type\":\"BreadcrumbList\",\"@id\":\"https:\/\/mthuel-aromatherapie.fr\/index.php\/consultation-olfactotherapie\/#breadcrumb\",\"itemListElement\":[{\"@type\":\"ListItem\",\"position\":1,\"name\":\"Accueil\",\"item\":\"http:\/\/mthuel-aromatherapie.fr\/\"},{\"@type\":\"ListItem\",\"position\":2,\"name\":\"Consultation Olfactoth\u00e9rapie\u00ae\"}]},{\"@type\":\"WebSite\",\"@id\":\"http:\/\/mthuel-aromatherapie.fr\/#website\",\"url\":\"http:\/\/mthuel-aromatherapie.fr\/\",\"name\":\"Marie Thuel, aromath\u00e9rapie holistique\",\"description\":\"L&#039;\u00e9coute du corps, de l&#039;\u00e2me et du vivant.\",\"potentialAction\":[{\"@type\":\"SearchAction\",\"target\":{\"@type\":\"EntryPoint\",\"urlTemplate\":\"http:\/\/mthuel-aromatherapie.fr\/?s={search_term_string}\"},\"query-input\":{\"@type\":\"PropertyValueSpecification\",\"valueRequired\":true,\"valueName\":\"search_term_string\"}}],\"inLanguage\":\"fr-FR\"}]}<\/script>\n<!-- \/ Yoast SEO plugin. -->","yoast_head_json":{"title":"Consultation Olfactoth\u00e9rapie\u00ae - Marie Thuel, aromath\u00e9rapie holistique","description":"Consultation d\u2019olfactoth\u00e9rapie \u00e0 Clermont-Ferrand : un accompagnement \u00e9motionnel et naturel par les odeurs pour retrouver \u00e9quilibre et bien-\u00eatre.","robots":{"index":"index","follow":"follow","max-snippet":"max-snippet:-1","max-image-preview":"max-image-preview:large","max-video-preview":"max-video-preview:-1"},"canonical":"https:\/\/mthuel-aromatherapie.fr\/index.php\/consultation-olfactotherapie\/","og_locale":"fr_FR","og_type":"article","og_title":"Consultation Olfactoth\u00e9rapie\u00ae - Marie Thuel, aromath\u00e9rapie holistique","og_description":"Consultation d\u2019olfactoth\u00e9rapie \u00e0 Clermont-Ferrand : un accompagnement \u00e9motionnel et naturel par les odeurs pour retrouver \u00e9quilibre et bien-\u00eatre.","og_url":"https:\/\/mthuel-aromatherapie.fr\/index.php\/consultation-olfactotherapie\/","og_site_name":"Marie Thuel, aromath\u00e9rapie holistique","article_modified_time":"2025-12-31T11:13:02+00:00","twitter_card":"summary_large_image","twitter_misc":{"Dur\u00e9e de lecture estim\u00e9e":"2 minutes"},"schema":{"@context":"https:\/\/schema.org","@graph":[{"@type":"WebPage","@id":"https:\/\/mthuel-aromatherapie.fr\/index.php\/consultation-olfactotherapie\/","url":"https:\/\/mthuel-aromatherapie.fr\/index.php\/consultation-olfactotherapie\/","name":"Consultation Olfactoth\u00e9rapie\u00ae - Marie Thuel, aromath\u00e9rapie holistique","isPartOf":{"@id":"http:\/\/mthuel-aromatherapie.fr\/#website"},"datePublished":"2025-11-03T12:11:04+00:00","dateModified":"2025-12-31T11:13:02+00:00","description":"Consultation d\u2019olfactoth\u00e9rapie \u00e0 Clermont-Ferrand : un accompagnement \u00e9motionnel et naturel par les odeurs pour retrouver \u00e9quilibre et bien-\u00eatre.","breadcrumb":{"@id":"https:\/\/mthuel-aromatherapie.fr\/index.php\/consultation-olfactotherapie\/#breadcrumb"},"inLanguage":"fr-FR","potentialAction":[{"@type":"ReadAction","target":["https:\/\/mthuel-aromatherapie.fr\/index.php\/consultation-olfactotherapie\/"]}]},{"@type":"BreadcrumbList","@id":"https:\/\/mthuel-aromatherapie.fr\/index.php\/consultation-olfactotherapie\/#breadcrumb","itemListElement":[{"@type":"ListItem","position":1,"name":"Accueil","item":"http:\/\/mthuel-aromatherapie.fr\/"},{"@type":"ListItem","position":2,"name":"Consultation Olfactoth\u00e9rapie\u00ae"}]},{"@type":"WebSite","@id":"http:\/\/mthuel-aromatherapie.fr\/#website","url":"http:\/\/mthuel-aromatherapie.fr\/","name":"Marie Thuel, aromath\u00e9rapie holistique","description":"L&#039;\u00e9coute du corps, de l&#039;\u00e2me et du vivant.","potentialAction":[{"@type":"SearchAction","target":{"@type":"EntryPoint","urlTemplate":"http:\/\/mthuel-aromatherapie.fr\/?s={search_term_string}"},"query-input":{"@type":"PropertyValueSpecification","valueRequired":true,"valueName":"search_term_string"}}],"inLanguage":"fr-FR"}]}},"_links":{"self":[{"href":"http:\/\/mthuel-aromatherapie.fr\/index.php\/wp-json\/wp\/v2\/pages\/721","targetHints":{"allow":["GET"]}}],"collection":[{"href":"http:\/\/mthuel-aromatherapie.fr\/index.php\/wp-json\/wp\/v2\/pages"}],"about":[{"href":"http:\/\/mthuel-aromatherapie.fr\/index.php\/wp-json\/wp\/v2\/types\/page"}],"author":[{"embeddable":true,"href":"http:\/\/mthuel-aromatherapie.fr\/index.php\/wp-json\/wp\/v2\/users\/1"}],"replies":[{"embeddable":true,"href":"http:\/\/mthuel-aromatherapie.fr\/index.php\/wp-json\/wp\/v2\/comments?post=721"}],"version-history":[{"count":8,"href":"http:\/\/mthuel-aromatherapie.fr\/index.php\/wp-json\/wp\/v2\/pages\/721\/revisions"}],"predecessor-version":[{"id":895,"href":"http:\/\/mthuel-aromatherapie.fr\/index.php\/wp-json\/wp\/v2\/pages\/721\/revisions\/895"}],"wp:attachment":[{"href":"http:\/\/mthuel-aromatherapie.fr\/index.php\/wp-json\/wp\/v2\/media?parent=721"}],"curies":[{"name":"wp","href":"https:\/\/api.w.org\/{rel}","templated":true}]}}